{"id":2353,"date":"2021-05-05T20:06:00","date_gmt":"2021-05-05T19:06:00","guid":{"rendered":"http:\/\/blog.walleriana.com\/?page_id=2353"},"modified":"2021-05-06T21:42:34","modified_gmt":"2021-05-06T20:42:34","slug":"walleriana-mag-contention","status":"publish","type":"page","link":"https:\/\/www.walleriana.com\/mag\/","title":{"rendered":"Walleriana Mag, le Magazine du bien-\u00eatre au naturel &#038; de la contention"},"content":{"rendered":"\n<p>Le magazine Walleriana d\u00e9di\u00e9 au bien-\u00eatre au naturel aborde le sujet des bas de contention de fa\u00e7on d\u00e9complex\u00e9e et avec humour.<\/p>\n","protected":false},"excerpt":{"rendered":"<p>Le magazine Walleriana d\u00e9di\u00e9 au bien-\u00eatre au naturel aborde le sujet des bas de contention de fa\u00e7on d\u00e9complex\u00e9e et avec&#8230;<\/p>\n","protected":false},"author":1,"featured_media":5000,"parent":0,"menu_order":0,"comment_status":"open","ping_status":"closed","template":"page-composer.php","meta":{"rop_custom_images_group":[],"rop_custom_messages_group":[],"rop_publish_now":"initial","rop_publish_now_accounts":[],"rop_publish_now_history":[],"rop_publish_now_status":"pending"},"yoast_head":"<!-- This site is optimized with the Yoast SEO Premium plugin v18.6 (Yoast SEO v19.2) - https:\/\/yoast.com\/wordpress\/plugins\/seo\/ -->\n<title>Le magazine du bien-\u00eatre au naturel &amp; de la contention<\/title>\n<meta name=\"description\" content=\"Le magazine Walleriana d\u00e9di\u00e9 au bien-\u00eatre au naturel aborde le sujet des bas de contention de fa\u00e7on d\u00e9complex\u00e9e et avec humour.\" \/>\n<meta name=\"robots\" content=\"index, follow, max-snippet:-1, max-image-preview:large, max-video-preview:-1\" \/>\n<link rel=\"canonical\" href=\"https:\/\/www.walleriana.com\/mag\/\" \/>\n<meta property=\"og:locale\" content=\"fr_FR\" \/>\n<meta property=\"og:type\" content=\"article\" \/>\n<meta property=\"og:title\" content=\"Walleriana Mag, le Magazine du bien-\u00eatre au naturel &amp; de la contention\" \/>\n<meta property=\"og:description\" content=\"Le magazine Walleriana d\u00e9di\u00e9 au bien-\u00eatre au naturel aborde le sujet des bas de contention de fa\u00e7on d\u00e9complex\u00e9e et avec humour.\" \/>\n<meta property=\"og:url\" content=\"https:\/\/www.walleriana.com\/mag\/\" \/>\n<meta property=\"og:site_name\" content=\"Libella - Le Mag\" \/>\n<meta property=\"article:modified_time\" content=\"2021-05-06T20:42:34+00:00\" \/>\n<meta property=\"og:image\" content=\"https:\/\/www.walleriana.com\/mag\/wp-content\/uploads\/2021\/05\/pamela-lima-NW56xUFPQU8-unsplash.jpg\" \/>\n\t<meta property=\"og:image:width\" content=\"1000\" \/>\n\t<meta property=\"og:image:height\" content=\"662\" \/>\n\t<meta property=\"og:image:type\" content=\"image\/jpeg\" \/>\n<meta name=\"author\" content=\"Juliette - Walleriana\" \/>\n<meta name=\"twitter:label1\" content=\"Dur\u00e9e de lecture estim\u00e9e\" \/>\n\t<meta name=\"twitter:data1\" content=\"1 minute\" \/>\n<script type=\"application\/ld+json\" class=\"yoast-schema-graph\">{\"@context\":\"https:\/\/schema.org\",\"@graph\":[{\"@type\":\"Organization\",\"@id\":\"https:\/\/www.walleriana.com\/mag\/#organization\",\"name\":\"Walleriana\",\"url\":\"https:\/\/www.walleriana.com\/mag\/\",\"sameAs\":[],\"logo\":{\"@type\":\"ImageObject\",\"inLanguage\":\"fr-FR\",\"@id\":\"https:\/\/www.walleriana.com\/mag\/#\/schema\/logo\/image\/\",\"url\":\"https:\/\/walleriana.com\/mag\/wp-content\/uploads\/2021\/05\/Favicon-Walleriana.jpg\",\"contentUrl\":\"https:\/\/walleriana.com\/mag\/wp-content\/uploads\/2021\/05\/Favicon-Walleriana.jpg\",\"width\":496,\"height\":317,\"caption\":\"Walleriana\"},\"image\":{\"@id\":\"https:\/\/www.walleriana.com\/mag\/#\/schema\/logo\/image\/\"}},{\"@type\":\"WebSite\",\"@id\":\"https:\/\/www.walleriana.com\/mag\/#website\",\"url\":\"https:\/\/www.walleriana.com\/mag\/\",\"name\":\"Libella - Le Mag\",\"description\":\"Le Mag bien-\u00eatre &amp; style des jambes l\u00e9g\u00e8res\",\"publisher\":{\"@id\":\"https:\/\/www.walleriana.com\/mag\/#organization\"},\"potentialAction\":[{\"@type\":\"SearchAction\",\"target\":{\"@type\":\"EntryPoint\",\"urlTemplate\":\"https:\/\/www.walleriana.com\/mag\/?s={search_term_string}\"},\"query-input\":\"required name=search_term_string\"}],\"inLanguage\":\"fr-FR\"},{\"@type\":\"ImageObject\",\"inLanguage\":\"fr-FR\",\"@id\":\"https:\/\/www.walleriana.com\/mag\/#primaryimage\",\"url\":\"https:\/\/www.walleriana.com\/mag\/wp-content\/uploads\/2021\/05\/pamela-lima-NW56xUFPQU8-unsplash.jpg\",\"contentUrl\":\"https:\/\/www.walleriana.com\/mag\/wp-content\/uploads\/2021\/05\/pamela-lima-NW56xUFPQU8-unsplash.jpg\",\"width\":1000,\"height\":662},{\"@type\":\"WebPage\",\"@id\":\"https:\/\/www.walleriana.com\/mag\/#webpage\",\"url\":\"https:\/\/www.walleriana.com\/mag\/\",\"name\":\"Le magazine du bien-\u00eatre au naturel & de la contention\",\"isPartOf\":{\"@id\":\"https:\/\/www.walleriana.com\/mag\/#website\"},\"primaryImageOfPage\":{\"@id\":\"https:\/\/www.walleriana.com\/mag\/#primaryimage\"},\"datePublished\":\"2021-05-05T19:06:00+00:00\",\"dateModified\":\"2021-05-06T20:42:34+00:00\",\"description\":\"Le magazine Walleriana d\u00e9di\u00e9 au bien-\u00eatre au naturel aborde le sujet des bas de contention de fa\u00e7on d\u00e9complex\u00e9e et avec humour.\",\"breadcrumb\":{\"@id\":\"https:\/\/www.walleriana.com\/mag\/#breadcrumb\"},\"inLanguage\":\"fr-FR\",\"potentialAction\":[{\"@type\":\"ReadAction\",\"target\":[\"https:\/\/www.walleriana.com\/mag\/\"]}]},{\"@type\":\"BreadcrumbList\",\"@id\":\"https:\/\/www.walleriana.com\/mag\/#breadcrumb\",\"itemListElement\":[{\"@type\":\"ListItem\",\"position\":1,\"name\":\"Le mag walleriana\",\"item\":\"https:\/\/www.walleriana.com\/mag\/\"},{\"@type\":\"ListItem\",\"position\":2,\"name\":\"Walleriana Mag, le Magazine du bien-\u00eatre au naturel &#038; de la contention\"}]}]}<\/script>\n<!-- \/ Yoast SEO Premium plugin. -->","yoast_head_json":{"title":"Le magazine du bien-\u00eatre au naturel & de la contention","description":"Le magazine Walleriana d\u00e9di\u00e9 au bien-\u00eatre au naturel aborde le sujet des bas de contention de fa\u00e7on d\u00e9complex\u00e9e et avec humour.","robots":{"index":"index","follow":"follow","max-snippet":"max-snippet:-1","max-image-preview":"max-image-preview:large","max-video-preview":"max-video-preview:-1"},"canonical":"https:\/\/www.walleriana.com\/mag\/","og_locale":"fr_FR","og_type":"article","og_title":"Walleriana Mag, le Magazine du bien-\u00eatre au naturel & de la contention","og_description":"Le magazine Walleriana d\u00e9di\u00e9 au bien-\u00eatre au naturel aborde le sujet des bas de contention de fa\u00e7on d\u00e9complex\u00e9e et avec humour.","og_url":"https:\/\/www.walleriana.com\/mag\/","og_site_name":"Libella - Le Mag","article_modified_time":"2021-05-06T20:42:34+00:00","og_image":[{"width":1000,"height":662,"url":"https:\/\/www.walleriana.com\/mag\/wp-content\/uploads\/2021\/05\/pamela-lima-NW56xUFPQU8-unsplash.jpg","type":"image\/jpeg"}],"author":"Juliette - Walleriana","twitter_misc":{"Dur\u00e9e de lecture estim\u00e9e":"1 minute"},"schema":{"@context":"https:\/\/schema.org","@graph":[{"@type":"Organization","@id":"https:\/\/www.walleriana.com\/mag\/#organization","name":"Walleriana","url":"https:\/\/www.walleriana.com\/mag\/","sameAs":[],"logo":{"@type":"ImageObject","inLanguage":"fr-FR","@id":"https:\/\/www.walleriana.com\/mag\/#\/schema\/logo\/image\/","url":"https:\/\/walleriana.com\/mag\/wp-content\/uploads\/2021\/05\/Favicon-Walleriana.jpg","contentUrl":"https:\/\/walleriana.com\/mag\/wp-content\/uploads\/2021\/05\/Favicon-Walleriana.jpg","width":496,"height":317,"caption":"Walleriana"},"image":{"@id":"https:\/\/www.walleriana.com\/mag\/#\/schema\/logo\/image\/"}},{"@type":"WebSite","@id":"https:\/\/www.walleriana.com\/mag\/#website","url":"https:\/\/www.walleriana.com\/mag\/","name":"Libella - Le Mag","description":"Le Mag bien-\u00eatre &amp; style des jambes l\u00e9g\u00e8res","publisher":{"@id":"https:\/\/www.walleriana.com\/mag\/#organization"},"potentialAction":[{"@type":"SearchAction","target":{"@type":"EntryPoint","urlTemplate":"https:\/\/www.walleriana.com\/mag\/?s={search_term_string}"},"query-input":"required name=search_term_string"}],"inLanguage":"fr-FR"},{"@type":"ImageObject","inLanguage":"fr-FR","@id":"https:\/\/www.walleriana.com\/mag\/#primaryimage","url":"https:\/\/www.walleriana.com\/mag\/wp-content\/uploads\/2021\/05\/pamela-lima-NW56xUFPQU8-unsplash.jpg","contentUrl":"https:\/\/www.walleriana.com\/mag\/wp-content\/uploads\/2021\/05\/pamela-lima-NW56xUFPQU8-unsplash.jpg","width":1000,"height":662},{"@type":"WebPage","@id":"https:\/\/www.walleriana.com\/mag\/#webpage","url":"https:\/\/www.walleriana.com\/mag\/","name":"Le magazine du bien-\u00eatre au naturel & de la contention","isPartOf":{"@id":"https:\/\/www.walleriana.com\/mag\/#website"},"primaryImageOfPage":{"@id":"https:\/\/www.walleriana.com\/mag\/#primaryimage"},"datePublished":"2021-05-05T19:06:00+00:00","dateModified":"2021-05-06T20:42:34+00:00","description":"Le magazine Walleriana d\u00e9di\u00e9 au bien-\u00eatre au naturel aborde le sujet des bas de contention de fa\u00e7on d\u00e9complex\u00e9e et avec humour.","breadcrumb":{"@id":"https:\/\/www.walleriana.com\/mag\/#breadcrumb"},"inLanguage":"fr-FR","potentialAction":[{"@type":"ReadAction","target":["https:\/\/www.walleriana.com\/mag\/"]}]},{"@type":"BreadcrumbList","@id":"https:\/\/www.walleriana.com\/mag\/#breadcrumb","itemListElement":[{"@type":"ListItem","position":1,"name":"Le mag walleriana","item":"https:\/\/www.walleriana.com\/mag\/"},{"@type":"ListItem","position":2,"name":"Walleriana Mag, le Magazine du bien-\u00eatre au naturel &#038; de la contention"}]}]}},"_links":{"self":[{"href":"https:\/\/www.walleriana.com\/mag\/wp-json\/wp\/v2\/pages\/2353"}],"collection":[{"href":"https:\/\/www.walleriana.com\/mag\/wp-json\/wp\/v2\/pages"}],"about":[{"href":"https:\/\/www.walleriana.com\/mag\/wp-json\/wp\/v2\/types\/page"}],"author":[{"embeddable":true,"href":"https:\/\/www.walleriana.com\/mag\/wp-json\/wp\/v2\/users\/1"}],"replies":[{"embeddable":true,"href":"https:\/\/www.walleriana.com\/mag\/wp-json\/wp\/v2\/comments?post=2353"}],"version-history":[{"count":47,"href":"https:\/\/www.walleriana.com\/mag\/wp-json\/wp\/v2\/pages\/2353\/revisions"}],"predecessor-version":[{"id":5027,"href":"https:\/\/www.walleriana.com\/mag\/wp-json\/wp\/v2\/pages\/2353\/revisions\/5027"}],"wp:featuredmedia":[{"embeddable":true,"href":"https:\/\/www.walleriana.com\/mag\/wp-json\/wp\/v2\/media\/5000"}],"wp:attachment":[{"href":"https:\/\/www.walleriana.com\/mag\/wp-json\/wp\/v2\/media?parent=2353"}],"curies":[{"name":"wp","href":"https:\/\/api.w.org\/{rel}","templated":true}]}}