{"id":3187,"date":"2016-08-24T08:51:37","date_gmt":"2016-08-24T07:51:37","guid":{"rendered":"http:\/\/blog.walleriana.com\/?page_id=3187"},"modified":"2018-06-18T21:16:03","modified_gmt":"2018-06-18T20:16:03","slug":"politique-de-confidentialite","status":"publish","type":"page","link":"https:\/\/www.walleriana.com\/mag\/politique-de-confidentialite\/","title":{"rendered":"Politique de Confidentialit\u00e9"},"content":{"rendered":"<div class=\"rte normalized\">\n<h1 style=\"text-align: left;\"><\/h1>\n<ul style=\"text-align: justify;\">\n<li>\n<h2>\u00a0\u00a0\u00a0\u00a0\u00a0 Objet<\/h2>\n<\/li>\n<\/ul>\n<p style=\"text-align: justify;\">Walleriana est amen\u00e9e \u00e0 collecter, utiliser et conserver certaines donn\u00e9es \u00e0 caract\u00e8re personnel afin de respecter ses obligations l\u00e9gales mais \u00e9galement dans le but d\u2019offrir le meilleur service possible.<\/p>\n<p style=\"text-align: justify;\">Le traitement des fichiers de donn\u00e9es personnelles d\u00e9taill\u00e9 ci-dessous a \u00e9t\u00e9 d\u00e9clar\u00e9 aupr\u00e8s de la Commission Nationale de l\u2019Informatique et des Libert\u00e9s le 4 d\u00e9cembre 2014 et enregistr\u00e9 sous le num\u00e9ro 1816281 v 0.<\/p>\n<p style=\"text-align: justify;\">La pr\u00e9sente Politique vous d\u00e9taille la fa\u00e7on dont ce traitement de donn\u00e9es s\u2019op\u00e8re mais \u00e9galement des moyens dont vous disposez pour faire valoir vos droits.<\/p>\n<p style=\"text-align: justify;\">Elle r\u00e9git l\u2019utilisation des sites \u00ab\u00a0<a href=\"https:\/\/www.walleriana.com\/\" target=\"_blank\" rel=\"noopener\">www.walleriana.com<\/a> \u00bb et \u00ab\u00a0<a href=\"https:\/\/mag.walleriana.com\/\" target=\"_blank\" rel=\"noopener\">blog.walleriana.com<\/a>\u00a0\u00bb\u00a0et reste disponible au bas de chacune de leurs pages.<\/p>\n<p style=\"text-align: justify;\">La navigation sur les sites de Walleriana est soumise \u00e0 l\u2019acceptation pleine, enti\u00e8re et sans r\u00e9serve de la Politique de Confidentialit\u00e9.<\/p>\n<ul style=\"text-align: justify;\">\n<li>\n<h2>\u00a0\u00a0\u00a0\u00a0\u00a0 Identit\u00e9 du responsable du traitement<\/h2>\n<\/li>\n<\/ul>\n<p style=\"text-align: justify;\">Walleriana<\/p>\n<p style=\"text-align: justify;\">24 rue \u00e9pinettes<\/p>\n<p style=\"text-align: justify;\">94410 Saint Maurice<\/p>\n<p style=\"text-align: justify;\">SIRET : 795 193 648 00032.<\/p>\n<ul style=\"text-align: justify;\">\n<li>\n<h2>\u00a0\u00a0\u00a0\u00a0\u00a0 Donn\u00e9es collect\u00e9es<\/h2>\n<\/li>\n<\/ul>\n<p style=\"text-align: justify;\">Seules certaines donn\u00e9es \u00e0 caract\u00e8re personnel peuvent \u00eatre collect\u00e9es, utilis\u00e9es et archiv\u00e9es par Walleriana.<\/p>\n<p style=\"text-align: justify;\">Walleriana ne traite que les donn\u00e9es strictement n\u00e9cessaires \u00e0 l\u2019utilisation de ses sites. Pour plus de transparence, les donn\u00e9es dont le renseignement est obligatoire sont indiqu\u00e9es par un ast\u00e9risque.<\/p>\n<ul style=\"text-align: justify;\">\n<li>\n<h2>\u00a0\u00a0\u00a0\u00a0\u00a0 Finalit\u00e9<\/h2>\n<\/li>\n<\/ul>\n<p style=\"text-align: justify;\">Le traitement des donn\u00e9es collect\u00e9es est n\u00e9cessaire \u00e0 la gestion des relations entre Walleriana et ses clients\u00a0ou prospects\/utilisateurs du site\u00a0:<\/p>\n<p style=\"text-align: justify;\">&#8211; Gestion des contrats et des commandes, livraisons, paiements, retours, droit de r\u00e9tractation&#8230;<br \/>\n&#8211; Gestion des op\u00e9rations commerciales\u00a0: listing de prospections, newsletters, promotions&#8230;<br \/>\n&#8211; Gestion des commentaires publi\u00e9s sur le blog\u00a0: lutte contre l\u2019apologie du terrorisme, appel \u00e0 la haine, diffamation, injure&#8230;<br \/>\n&#8211; Elaboration de statistiques commerciales.<\/p>\n<p style=\"text-align: justify;\">&#8211; Gestion des demandes tenant au droit d\u2019acc\u00e8s et de rectification des donn\u00e9es personnelles et du droit d\u2019opposition \u00e0 leur collecte.<\/p>\n<ul style=\"text-align: justify;\">\n<li>\n<h2>\u00a0\u00a0\u00a0\u00a0\u00a0 Destinataire<\/h2>\n<\/li>\n<\/ul>\n<p style=\"text-align: justify;\">Ces informations sont destin\u00e9es exclusivement \u00e0\u00a0Juliette de Feraudy, (Walleriana) \u00e9galement en charge de la gestion des sites.<\/p>\n<ul style=\"text-align: justify;\">\n<li>\n<h2>\u00a0\u00a0\u00a0\u00a0\u00a0 Confidentialit\u00e9<\/h2>\n<\/li>\n<\/ul>\n<p style=\"text-align: justify;\">Les donn\u00e9es \u00e0 caract\u00e8re personnel collect\u00e9es sont utilis\u00e9es uniquement pour les finalit\u00e9s pr\u00e9c\u00e9demment indiqu\u00e9es.<\/p>\n<p style=\"text-align: justify;\">Elles ne seront ni communiqu\u00e9es, ni c\u00e9d\u00e9es, ni transf\u00e9r\u00e9es \u00e0 quiconque sauf sur requ\u00eate d\u2019une autorit\u00e9 administrative et d\u2019une autorit\u00e9 judiciaire habilit\u00e9e et fond\u00e9e \u00e0 en faire la demande.<\/p>\n<ul style=\"text-align: justify;\">\n<li>\n<h2>\u00a0\u00a0\u00a0\u00a0\u00a0 Dur\u00e9e de conservation<\/h2>\n<\/li>\n<\/ul>\n<p style=\"text-align: justify;\">Les donn\u00e9es \u00e0 caract\u00e8re personnel collect\u00e9es sont conserv\u00e9es pour la dur\u00e9e strictement n\u00e9cessaire \u00e0 leur traitement.<\/p>\n<ul style=\"text-align: justify;\">\n<li>\n<h2>\u00a0\u00a0\u00a0\u00a0\u00a0 S\u00e9curit\u00e9<\/h2>\n<\/li>\n<\/ul>\n<p style=\"text-align: justify;\">Le responsable du traitement assure la s\u00e9curit\u00e9, l\u2019int\u00e9grit\u00e9 et la confidentialit\u00e9 des donn\u00e9es qu\u2019il collecte. Pour des raisons tenant aux caract\u00e8res intrins\u00e8ques d\u2019internet, Walleriana n\u2019est tenu qu\u2019\u00e0 une obligation de moyens.<\/p>\n<p style=\"text-align: justify;\">En cas d\u2019intrusion frauduleuse dans son syst\u00e8me informatique, Walleriana en informera ses utilisateurs et la CNIL.<\/p>\n<ul style=\"text-align: justify;\">\n<li>\n<h2>\u00a0\u00a0\u00a0\u00a0\u00a0 Cookies<\/h2>\n<\/li>\n<\/ul>\n<p style=\"text-align: justify;\">Un cookie est un fichier d\u00e9pos\u00e9 automatiquement sur votre terminal. A ce titre Walleriana utilise l\u2019outil Google Analytics, \u00e0 des fins statistiques de fr\u00e9quentation du site.<\/p>\n<p style=\"text-align: justify;\">Un bandeau cookie appara\u00eet lors de la premi\u00e8re consultation du site. Il vous appartient de l\u2019accepter, de le refuser ou de param\u00e9trer l\u2019installation du cookie. En cliquant sur la croix, vous indiquez refuser l\u2019installation du cookie en question.<\/p>\n<p style=\"text-align: justify;\">Le fait de poursuivre la navigation sur le site emporte acceptation de l\u2019installation du cookie sur votre terminal.<\/p>\n<p style=\"text-align: justify;\">Vous \u00eates inform\u00e9 du fait que votre refus d\u2019installer le cookie peut impacter sa navigation sur le site.<\/p>\n<p style=\"text-align: justify;\">A compter du moment o\u00f9 vous exprimez votre consentement, et en l\u2019absence de refus exprim\u00e9 ult\u00e9rieurement, le cookie est install\u00e9 pour une dur\u00e9e maximale de 13 mois.<\/p>\n<p style=\"text-align: justify;\">M\u00eame une fois que le consentement a \u00e9t\u00e9 donn\u00e9, vous avez la possibilit\u00e9 de supprimer le cookie ou de le param\u00e9trer.<\/p>\n<p style=\"text-align: justify;\">Dans le cadre de l\u2019utilisation du module de connexion via Facebook, Walleriana n\u2019est pas responsable des cookies qui seraient install\u00e9s sur votre terminal.<\/p>\n<ul style=\"text-align: justify;\">\n<li>\n<h2>\u00a0\u00a0\u00a0\u00a0\u00a0 Droits<\/h2>\n<\/li>\n<\/ul>\n<p style=\"text-align: justify;\">Conform\u00e9ment \u00e0 la loi \u00ab\u00a0Informatiques et Libert\u00e9s\u00a0\u00bb du 6 janvier 1978 modifi\u00e9e, vous disposez d\u2019un droit d\u2019acc\u00e8s, et de rectification\u00a0des informations qui vous concernent.<\/p>\n<p style=\"text-align: justify;\">Vous pouvez \u00e9galement, pour des motifs l\u00e9gitimes,\u00a0vous opposer au traitement des donn\u00e9es qui vous concerne.<\/p>\n<p style=\"text-align: justify;\">Pour toute demande relative aux donn\u00e9es personnelles, vous pouvez nous contacter \u00e0 l\u2019adresse mail suivante\u00a0: contact@walleriana.com.<\/p>\n<p style=\"text-align: justify;\">Pour en savoir plus,\u00a0<a href=\"https:\/\/www.cnil.fr\/comprendre-vos-droits\" target=\"_blank\" rel=\"noopener\">consultez\u00a0vos droits sur le site de la CNIL<\/a>.<\/p>\n<ul style=\"text-align: justify;\">\n<li>\n<h2>\u00a0\u00a0\u00a0\u00a0\u00a0 Mise \u00e0 jour de la Politique de Confidentialit\u00e9<\/h2>\n<\/li>\n<\/ul>\n<p style=\"text-align: justify;\">La pr\u00e9sente Politique est susceptible d\u2019\u00eatre modifi\u00e9e \u00e0 tout moment par Walleriana pour tenir compte de l\u2019\u00e9volution de la l\u00e9gislation en vigueur mais \u00e9galement en cas de modification des finalit\u00e9s de son traitement de donn\u00e9es personnelles.<\/p>\n<p style=\"text-align: justify;\">En cas de mise \u00e0 jour de la charte, celle-ci entre en vigueur imm\u00e9diatement. Il vous appartient donc de consulter r\u00e9guli\u00e8rement notre Politique et de mettre fin \u00e0 l\u2019utilisation du site si vous refusez sa mise \u00e0 jour.<\/p>\n<ul style=\"text-align: justify;\">\n<li>\n<h2>\u00a0\u00a0\u00a0\u00a0\u00a0 Contact<\/h2>\n<\/li>\n<\/ul>\n<p style=\"text-align: justify;\">Pour toute question relative \u00e0 notre traitement de donn\u00e9es personnelles ou aux cookies, vous pouvez nous contacter\u00a0:<\/p>\n<p style=\"text-align: justify;\">&#8211;\u00a0\u00a0\u00a0\u00a0\u00a0\u00a0 Par mail \u00e0 :\u00a0contact@walleriana.com<\/p>\n<p style=\"text-align: justify;\">&#8211;\u00a0\u00a0\u00a0\u00a0\u00a0\u00a0 Par courrier postal\u00a0\u00e0\u00a0:<\/p>\n<p style=\"text-align: justify;\">Walleriana<\/p>\n<p style=\"text-align: justify;\">A l\u2019attention de Juliette de Feraudy<\/p>\n<p style=\"text-align: justify;\">24 rue des \u00e9pinettes<\/p>\n<p style=\"text-align: justify;\">94410 Saint Maurice.<\/p>\n<p style=\"text-align: justify;\">Pour en savoir plus sur la l\u00e9gislation et la r\u00e9glementation en vigueur, vous pouvez consulter le site de la <a href=\"https:\/\/www.cnil.fr\/comprendre-vos-droits\" target=\"_blank\" rel=\"noopener\">CNIL<\/a>.<\/p>\n<p style=\"text-align: justify;\"><strong>DATE D\u2019ENTREE EN VIGUEUR\u00a0: 02\/08\/2016<\/strong><\/p>\n<p style=\"text-align: justify;\"><strong>\u00a0<\/strong><\/p>\n<p style=\"text-align: justify;\"><strong>DERNIERE MISE A JOUR\u00a0: 18\/06\/2018<\/strong><\/p>\n<\/div>\n","protected":false},"excerpt":{"rendered":"<p>\u00a0\u00a0\u00a0\u00a0\u00a0 Objet Walleriana est amen\u00e9e \u00e0 collecter, utiliser et conserver certaines donn\u00e9es \u00e0 caract\u00e8re personnel afin de respecter ses obligations&#8230;<\/p>\n","protected":false},"author":1,"featured_media":0,"parent":0,"menu_order":0,"comment_status":"closed","ping_status":"closed","template":"","meta":{"rop_custom_images_group":[],"rop_custom_messages_group":[],"rop_publish_now":"initial","rop_publish_now_accounts":[],"rop_publish_now_history":[],"rop_publish_now_status":"pending"},"yoast_head":"<!-- This site is optimized with the Yoast SEO Premium plugin v18.6 (Yoast SEO v19.2) - https:\/\/yoast.com\/wordpress\/plugins\/seo\/ -->\n<title>Politique de Confidentialit\u00e9 - Libella - Le Mag<\/title>\n<meta name=\"robots\" content=\"index, follow, max-snippet:-1, max-image-preview:large, max-video-preview:-1\" \/>\n<link rel=\"canonical\" href=\"https:\/\/www.walleriana.com\/mag\/politique-de-confidentialite\/\" \/>\n<meta property=\"og:locale\" content=\"fr_FR\" \/>\n<meta property=\"og:type\" content=\"article\" \/>\n<meta property=\"og:title\" content=\"Politique de Confidentialit\u00e9\" \/>\n<meta property=\"og:description\" content=\"\u00a0\u00a0\u00a0\u00a0\u00a0 Objet Walleriana est amen\u00e9e \u00e0 collecter, utiliser et conserver certaines donn\u00e9es \u00e0 caract\u00e8re personnel afin de respecter ses obligations l\u00e9gales\" \/>\n<meta property=\"og:url\" content=\"https:\/\/www.walleriana.com\/mag\/politique-de-confidentialite\/\" \/>\n<meta property=\"og:site_name\" content=\"Libella - Le Mag\" \/>\n<meta property=\"article:modified_time\" content=\"2018-06-18T20:16:03+00:00\" \/>\n<meta name=\"author\" content=\"Juliette - Walleriana\" \/>\n<meta name=\"twitter:label1\" content=\"Dur\u00e9e de lecture estim\u00e9e\" \/>\n\t<meta name=\"twitter:data1\" content=\"5 minutes\" \/>\n<script type=\"application\/ld+json\" class=\"yoast-schema-graph\">{\"@context\":\"https:\/\/schema.org\",\"@graph\":[{\"@type\":\"Organization\",\"@id\":\"https:\/\/www.walleriana.com\/mag\/#organization\",\"name\":\"Walleriana\",\"url\":\"https:\/\/www.walleriana.com\/mag\/\",\"sameAs\":[],\"logo\":{\"@type\":\"ImageObject\",\"inLanguage\":\"fr-FR\",\"@id\":\"https:\/\/www.walleriana.com\/mag\/#\/schema\/logo\/image\/\",\"url\":\"https:\/\/walleriana.com\/mag\/wp-content\/uploads\/2021\/05\/Favicon-Walleriana.jpg\",\"contentUrl\":\"https:\/\/walleriana.com\/mag\/wp-content\/uploads\/2021\/05\/Favicon-Walleriana.jpg\",\"width\":496,\"height\":317,\"caption\":\"Walleriana\"},\"image\":{\"@id\":\"https:\/\/www.walleriana.com\/mag\/#\/schema\/logo\/image\/\"}},{\"@type\":\"WebSite\",\"@id\":\"https:\/\/www.walleriana.com\/mag\/#website\",\"url\":\"https:\/\/www.walleriana.com\/mag\/\",\"name\":\"Libella - Le Mag\",\"description\":\"Le Mag bien-\u00eatre &amp; style des jambes l\u00e9g\u00e8res\",\"publisher\":{\"@id\":\"https:\/\/www.walleriana.com\/mag\/#organization\"},\"potentialAction\":[{\"@type\":\"SearchAction\",\"target\":{\"@type\":\"EntryPoint\",\"urlTemplate\":\"https:\/\/www.walleriana.com\/mag\/?s={search_term_string}\"},\"query-input\":\"required name=search_term_string\"}],\"inLanguage\":\"fr-FR\"},{\"@type\":\"WebPage\",\"@id\":\"https:\/\/www.walleriana.com\/mag\/politique-de-confidentialite\/#webpage\",\"url\":\"https:\/\/www.walleriana.com\/mag\/politique-de-confidentialite\/\",\"name\":\"Politique de Confidentialit\u00e9 - Libella - Le Mag\",\"isPartOf\":{\"@id\":\"https:\/\/www.walleriana.com\/mag\/#website\"},\"datePublished\":\"2016-08-24T07:51:37+00:00\",\"dateModified\":\"2018-06-18T20:16:03+00:00\",\"breadcrumb\":{\"@id\":\"https:\/\/www.walleriana.com\/mag\/politique-de-confidentialite\/#breadcrumb\"},\"inLanguage\":\"fr-FR\",\"potentialAction\":[{\"@type\":\"ReadAction\",\"target\":[\"https:\/\/www.walleriana.com\/mag\/politique-de-confidentialite\/\"]}]},{\"@type\":\"BreadcrumbList\",\"@id\":\"https:\/\/www.walleriana.com\/mag\/politique-de-confidentialite\/#breadcrumb\",\"itemListElement\":[{\"@type\":\"ListItem\",\"position\":1,\"name\":\"Le mag walleriana\",\"item\":\"https:\/\/www.walleriana.com\/mag\/\"},{\"@type\":\"ListItem\",\"position\":2,\"name\":\"Politique de Confidentialit\u00e9\"}]}]}<\/script>\n<!-- \/ Yoast SEO Premium plugin. -->","yoast_head_json":{"title":"Politique de Confidentialit\u00e9 - Libella - Le Mag","robots":{"index":"index","follow":"follow","max-snippet":"max-snippet:-1","max-image-preview":"max-image-preview:large","max-video-preview":"max-video-preview:-1"},"canonical":"https:\/\/www.walleriana.com\/mag\/politique-de-confidentialite\/","og_locale":"fr_FR","og_type":"article","og_title":"Politique de Confidentialit\u00e9","og_description":"\u00a0\u00a0\u00a0\u00a0\u00a0 Objet Walleriana est amen\u00e9e \u00e0 collecter, utiliser et conserver certaines donn\u00e9es \u00e0 caract\u00e8re personnel afin de respecter ses obligations l\u00e9gales","og_url":"https:\/\/www.walleriana.com\/mag\/politique-de-confidentialite\/","og_site_name":"Libella - Le Mag","article_modified_time":"2018-06-18T20:16:03+00:00","author":"Juliette - Walleriana","twitter_misc":{"Dur\u00e9e de lecture estim\u00e9e":"5 minutes"},"schema":{"@context":"https:\/\/schema.org","@graph":[{"@type":"Organization","@id":"https:\/\/www.walleriana.com\/mag\/#organization","name":"Walleriana","url":"https:\/\/www.walleriana.com\/mag\/","sameAs":[],"logo":{"@type":"ImageObject","inLanguage":"fr-FR","@id":"https:\/\/www.walleriana.com\/mag\/#\/schema\/logo\/image\/","url":"https:\/\/walleriana.com\/mag\/wp-content\/uploads\/2021\/05\/Favicon-Walleriana.jpg","contentUrl":"https:\/\/walleriana.com\/mag\/wp-content\/uploads\/2021\/05\/Favicon-Walleriana.jpg","width":496,"height":317,"caption":"Walleriana"},"image":{"@id":"https:\/\/www.walleriana.com\/mag\/#\/schema\/logo\/image\/"}},{"@type":"WebSite","@id":"https:\/\/www.walleriana.com\/mag\/#website","url":"https:\/\/www.walleriana.com\/mag\/","name":"Libella - Le Mag","description":"Le Mag bien-\u00eatre &amp; style des jambes l\u00e9g\u00e8res","publisher":{"@id":"https:\/\/www.walleriana.com\/mag\/#organization"},"potentialAction":[{"@type":"SearchAction","target":{"@type":"EntryPoint","urlTemplate":"https:\/\/www.walleriana.com\/mag\/?s={search_term_string}"},"query-input":"required name=search_term_string"}],"inLanguage":"fr-FR"},{"@type":"WebPage","@id":"https:\/\/www.walleriana.com\/mag\/politique-de-confidentialite\/#webpage","url":"https:\/\/www.walleriana.com\/mag\/politique-de-confidentialite\/","name":"Politique de Confidentialit\u00e9 - Libella - Le Mag","isPartOf":{"@id":"https:\/\/www.walleriana.com\/mag\/#website"},"datePublished":"2016-08-24T07:51:37+00:00","dateModified":"2018-06-18T20:16:03+00:00","breadcrumb":{"@id":"https:\/\/www.walleriana.com\/mag\/politique-de-confidentialite\/#breadcrumb"},"inLanguage":"fr-FR","potentialAction":[{"@type":"ReadAction","target":["https:\/\/www.walleriana.com\/mag\/politique-de-confidentialite\/"]}]},{"@type":"BreadcrumbList","@id":"https:\/\/www.walleriana.com\/mag\/politique-de-confidentialite\/#breadcrumb","itemListElement":[{"@type":"ListItem","position":1,"name":"Le mag walleriana","item":"https:\/\/www.walleriana.com\/mag\/"},{"@type":"ListItem","position":2,"name":"Politique de Confidentialit\u00e9"}]}]}},"_links":{"self":[{"href":"https:\/\/www.walleriana.com\/mag\/wp-json\/wp\/v2\/pages\/3187"}],"collection":[{"href":"https:\/\/www.walleriana.com\/mag\/wp-json\/wp\/v2\/pages"}],"about":[{"href":"https:\/\/www.walleriana.com\/mag\/wp-json\/wp\/v2\/types\/page"}],"author":[{"embeddable":true,"href":"https:\/\/www.walleriana.com\/mag\/wp-json\/wp\/v2\/users\/1"}],"replies":[{"embeddable":true,"href":"https:\/\/www.walleriana.com\/mag\/wp-json\/wp\/v2\/comments?post=3187"}],"version-history":[{"count":4,"href":"https:\/\/www.walleriana.com\/mag\/wp-json\/wp\/v2\/pages\/3187\/revisions"}],"predecessor-version":[{"id":4021,"href":"https:\/\/www.walleriana.com\/mag\/wp-json\/wp\/v2\/pages\/3187\/revisions\/4021"}],"wp:attachment":[{"href":"https:\/\/www.walleriana.com\/mag\/wp-json\/wp\/v2\/media?parent=3187"}],"curies":[{"name":"wp","href":"https:\/\/api.w.org\/{rel}","templated":true}]}}